) to base 5.
-120130
What is 1021 (base 14) in base 10?
2773
1006 (base 8) to base 13
30b
-6491 (base 10) to base 15
-1dcb
-4402 (base 6) to base 15
-475
Convert -22200 (base 6) to base 10.
-3096
What is -5025 (base 7) in base 2?
-11011000110
What is 10551 (base 8) in base 11?
3392
Convert -220014 (base 6) to base 5.
-1040104
What is -929 (base 11) in base 5?
-13440
11454 (base 6) to base 10
1690
Convert -30132 (base 9) to base 10.
-19793
4d4 (base 14) to base 10
970
Convert -104 (base 5) to base 8.
-35
What is -30 (base 4) in base 8?
-14
b668 (base 13) to base 9
37584
Convert 46b1 (base 14) to base 12.
7157
What is 626 (base 12) in base 8?
1576
Convert -5031 (base 11) to base 9.
-10152
Convert -1163 (base 7) to base 11.
-368
What is 14458 (base 9) in base 13?
4640
-15515 (base 11) to base 7
-120620
4230003 (base 5) to base 7
412625
What is -5115 (base 6) in base 11?
-935
-123562 (base 7) to base 14
-84d9
-23111 (base 4) to base 16
-2d5
What is -14474 (base 8) in base 5?
-201320
Convert -e1 (base 15) to base 2.
-11010011
What is 1003 (base 5) in base 6?
332
What is 604 (base 10) in base 5?
4404
Convert -12837 (base 10) to base 4.
-3020211
241205 (base 6) to base 13
9758
What is 4231 (base 5) in base 2?
1000110110
What is 2066 (base 9) in base 11?
1160
1333330 (base 4) to base 5
230223
a147 (base 16) to base 9
62564
Convert -12467 (base 10) to base 13.
-58a0
What is -262 (base 10) in base 3?
-100201
Convert -382 (base 15) to base 16.
-31d
-24b9 (base 13) to base 2
-1010001100110
Convert -100000100 (base 2) to base 4.
-10010
Convert 336 (base 11) to base 7.
1113
-4474 (base 10) to base 13
-2062
Convert -6533 (base 7) to base 3.
-10012012
18194 (base 13) to base 11
31977
Convert 1001100110001001 (base 2) to base 6.
501545
What is -1001010101 (base 2) in base 13?
-36c
What is -1311 (base 4) in base 5?
-432
Convert 240403 (base 5) to base 7.
34545
What is 757 (base 9) in base 16?
26b
What is -1330450 (base 6) in base 3?
-10202120110
What is 423 (base 8) in base 14?
159
Convert 3a2 (base 12) to base 16.
22a
What is 3103301 (base 4) in base 12?
7a15
Convert 519 (base 14) to base 4.
33223
Convert -100000010111101 (base 2) to base 16.
-40bd
11011110000 (base 2) to base 13
a68
d13 (base 14) to base 5
40230
10000111001 (base 2) to base 6
5001
a2c (base 16) to base 9
3513
308a (base 14) to base 16
20a2
What is 21431 (base 7) in base 11?
4036
What is -10b3 (base 13) in base 14?
-bd5
-b31 (base 14) to base 15
-9b9
What is -1001011110 (base 2) in base 3?
-211110
What is -10202 (base 3) in base 14?
-73
-22306 (base 10) to base 7
-122014
6e01 (base 15) to base 10
23401
What is 1110101001 (base 2) in base 7?
2506
794 (base 11) to base 9
1265
-2638 (base 11) to base 16
-d65
Convert 123303 (base 4) to base 6.
12123
What is 122012100 (base 3) in base 8?
30371
What is 1578 (base 12) in base 2?
100111101100
What is 112211212 (base 3) in base 2?
10101001000111
What is -1610 (base 8) in base 9?
-1214
What is 278 (base 13) in base 15?
1e2
1830 (base 12) to base 10
2916
6 (base 7) to base 6
10
1010020122 (base 3) to base 14
806d
caa1 (base 13) to base 8
67031
-218 (base 13) to base 11
-2a7
What is 50551 (base 6) in base 11?
5033
Convert 720 (base 8) to base 14.
252
-11201 (base 3) to base 2
-1111111
Convert -4c2 (base 13) to base 15.
-3a9
-111110010 (base 2) to base 8
-762
Convert 15215 (base 7) to base 5.
113401
What is -53111 (base 6) in base 2?
-1110000000011
416 (base 9) to base 14
1a3
Convert -425 (base 7) to base 13.
-137
Convert 172 (base 12) to base 14.
126
What is 861 (base 13) in base 10?
1431
Convert -87 (base 11) to base 3.
-10112
-1732 (base 14) to base 5
-113120
What is -436 (base 9) in base 3?
-111020
Convert -d3 (base 14) to base 7.
-353
-14368 (base 11) to base 8
-47662
Convert 1328 (base 13) to base 15.
c28
1222001 (base 4) to base 2
1101010000001
202011 (base 3) to base 5
4134
What is 28c (base 15) in base 12?
406
Convert -33333 (base 6) to base 9.
-6353
-210112 (base 4) to base 10
-2326
-11100101101111 (base 2) to base 3
-202011120
What is 1041 (base 12) in base 10?
1777
35750 (base 10) to base 14
d058
23211320 (base 4) to base 14
13436
Convert -94 (base 14) to base 13.
-a0
What is 6af3 (base 16) in base 13?
c601
Convert -111221 (base 6) to base 10.
-9373
What is 35615 (base 8) in base 6?
154325
What is 1022033 (base 4) in base 9?
6458
Convert -8ab6 (base 16) to base 11.
-24752
Convert -835 (base 11) to base 15.
-471
Convert -388 (base 13) to base 9.
-757
-1bb (base 13) to base 11
-274
What is -347 (base 14) in base 2?
-1010001011
What is 1111001110111 (base 2) in base 11?
5950
a33 (base 13) to base 11
1335
1011100100000 (base 2) to base 15
1b4a
-8719 (base 10) to base 4
-2020033
-1134424 (base 5) to base 6
-242155
What is 2018 (base 10) in base 6?
13202
Convert 10341 (base 5) to base 13.
436
4310 (base 8) to base 4
203020
Convert 100021 (base 5) to base 14.
1200
What is -188a (base 11) in base 3?
-10021210
What is -23e (base 16) in base 15?
-284
What is 1212001 (base 4) in base 6?
50121
221223 (base 4) to base 8
5153
Convert -7c (base 15) to base 4.
-1311
22660 (base 9) to base 5
440440
10030332 (base 5) to base 10
80092
What is 6a (base 14) in base 2?
1011110
Convert -1001101011001 (base 2) to base 5.
-124303
What is -231b7 (base 12) in base 7?
-253564
-4725 (base 11) to base 14
-238a
Convert 22454 (base 6) to base 12.
1a2a
What is 20589 (base 10) in base 16?
506d
2322 (base 4) to base 7
354
11166 (base 8) to base 13
21c7
-3231 (base 6) to base 16
-2e3
Convert 832 (base 9) to base 3.
221002
What is -333430 (base 5) in base 9?
-17084
Convert 33113 (base 5) to base 12.
13a3
Convert -205 (base 13) to base 5.
-2333
What is 113341 (base 5) in base 2?
1000001111101
454 (base 7) to base 2
11101011
324231 (base 5) to base 3
120100111
32014 (base 6) to base 5
114310
Convert -b25d (base 16) to base 12.
-22511
6312 (base 8) to base 6
23054
Convert a56 (base 13) to base 7.
5064
What is -499 (base 14) in base 6?
-4131
What is b45 (base 15) in base 13?
1205
Convert 11001000 (base 2) to base 3.
21102
Convert 1153 (base 9) to base 10.
858
1134 (base 6) to base 4
10102
Convert 98b (base 12) to base 8.
2573
Convert -21130 (base 6) to base 7.
-11226
Convert 524030 (base 6) to base 11.
29904
Convert 660 (base 7) to base 14.
1a0
Convert 1244 (base 7) to base 10.
473
Convert -1015104 (base 6) to base 12.
-24494
1626 (base 7) to base 11
548
What is c96 (base 13) in base 15?
986
Convert 59a (base 13) to base 10.
972
What is 532 (base 9) in base 4?
12302
What is 2413 (base 6) in base 14?
2db
What is 22232 (base 7) in base 8?
12751
58 (base 12) to base 9
75
13b (base 12) to base 16
bf
Convert -116116 (base 7) to base 6.
-242424
Convert -6646 (base 7) to base 15.
-a91
Convert -7b8 (base 15) to base 6.
-12032
What is 202400 (base 7) in base 2?
1000011011000000
Convert -1211101 (base 3) to base 12.
-931
bc65 (base 13) to base 4
12122212
9b27 (base 12) to base 15
5147
What is 149 (base 13) in base 8?
346
-1033 (base 12) to base 9
-2373
What is -1134 (base 5) in base 16?
-a9
Convert 7371 (base 9) to base 15.
190a
11020 (base 3) to base 6
310
What is -1010001110000101 (base 2) in base 12?
-20285
12173 (base 8) to base 7
21200
Convert -1511 (base 6) to base 10.
-403
-3985 (base 15) to base 10
-12275
What is 1545 (base 6) in base 7?
1145
-11010111100 (base 2) to base 10
-1724
-6214 (base 7) to base 2
-100001110111
What is 4869 (base 11) in base 6?
45251
-cc1 (base 14) to base 11
-1992
Convert -508 (base 10) to base 2.
-111111100
What is 1420402 (base 5) in base 8?
71445
Convert -1279 (base 14) to base 8.
-6253
Convert 4424 (base 16) to base 11.
12119
Convert -330 (base 10) to base 5.
-2310
-2575 (base 10) to base 4
-220033
-5adb (base 15) to base 8
-45603
24411 (base 7) to base 4
1203222
What is 34422 (base 11) in base 2?
1100001001011011
Convert -2335 (base 8) to base 11.
-a32
790 (base 11) to base 12
66a
What is -59210 (base 10) in base 3?
-10000012222
What is -1a6b7 (base 12) in base 11?
-27352
Convert -4610 (base 11) to base 15.
-1be1
Convert -decb (base 15) to base 3.
-2101202202
Convert -1110111011100 (base 2) to base 7.
-31200
Convert 1562 (base 10) to base 6.
11122
Convert 8048 (base 10) to base 2.
1111101110000
What is 10010100001 (base 2) in base 6?
5253
4710 (base 8